{"id":7680,"date":"2023-09-19T15:49:36","date_gmt":"2023-09-19T18:49:36","guid":{"rendered":"https:\/\/oficinadaforma.com.br\/?post_type=product&#038;p=7680"},"modified":"2023-09-25T11:25:59","modified_gmt":"2023-09-25T14:25:59","slug":"estacao-de-musculacao-idea-extensora-movement","status":"publish","type":"product","link":"https:\/\/loja.oficinadaforma.com.br\/wp\/produto\/estacao-de-musculacao-idea-extensora-movement\/","title":{"rendered":"Esta\u00e7\u00e3o de Muscula\u00e7\u00e3o Idea Extensora Movement"},"content":{"rendered":"<div class=\"product__left__desc\">\n<div class=\"product__left__desc__content\">\n<div class=\"product__left__desc__left\">\n<h2>Com o conforto da almofada autoajust\u00e1vel, a esta\u00e7\u00e3o de muscula\u00e7\u00e3o Idea Extensora proporciona facilidade no movimento sem tensionar m\u00fasculos e ligamentos causadores de les\u00e3o, tonificando o vasto medial, vasto lateral e regi\u00f5es da coxa. Os apoiadores trazem comodidade ao sair e ao entrar na m\u00e1quina, oferecendo uma experi\u00eancia completa dentro de um equipamento de alta tecnologia.<\/h2>\n<p>A nova linha de equipamentos de muscula\u00e7\u00e3o Idea da Movement, alia a avan\u00e7ada biomec\u00e2nica com solu\u00e7\u00f5es pr\u00e1ticas de ajustes e uso, com design compacto e intuitivo. Seu treino fica muito mais eficiente e com garantia de mais conforto e seguran\u00e7a. Os modelos unem converg\u00eancia\/diverg\u00eancia e deslocamentos unilaterais, simulando o movimento de maneira natural para melhores resultados.<\/p>\n<p>Os par\u00e2metros necess\u00e1rios de ajustes para iniciar o exerc\u00edcio est\u00e3o vis\u00edveis antes de entrar no equipamento, identificados na cor laranja, facilitando para usu\u00e1rios com pouca experi\u00eancia. Os ajustes localizados na zona preferencial do equipamento s\u00e3o realizados a partir da posi\u00e7\u00e3o de exerc\u00edcio.<\/p>\n<p>Possui uma torre com altura apropriada para garantir uma boa vis\u00e3o do ambiente e em sua parte superior conta com um grande porta-itens, al\u00e9m de um porta-celular e um porta-squeeze. Os estofados s\u00e3o de PU injetado de baixa densidade e alta resili\u00eancia, ou seja, macios e resistentes, com uma capa de courvin bi el\u00e1stico, resistente ao fogo e ao desgaste.<\/p>\n<h2>Idea+: com contador de repeti\u00e7\u00f5es<\/h2>\n<p>A vers\u00e3o dos equipamentos na linha Idea+ conta com uma carenagem frontal e um display LCD com contador de repeti\u00e7\u00f5es, contador de tempo de execu\u00e7\u00e3o e repouso. O display LCD possui tamb\u00e9m um modo manuten\u00e7\u00e3o, que com o aux\u00edlio de um \u00edm\u00e3 mostra quantos ciclos o equipamento j\u00e1 foi utilizado, ideal para planejar a\u00e7\u00f5es de manuten\u00e7\u00e3o.<\/p>\n<\/div>\n<\/div>\n<\/div>\n<div class=\"product__left__especs\">\n<p class=\"product__left__especs__title\">Especifica\u00e7\u00f5es T\u00e9cnicas<\/p>\n<div class=\"product__left__especs__content\">\n<table>\n<tbody>\n<tr>\n<td>LINHA<\/td>\n<td>Idea<\/td>\n<\/tr>\n<tr>\n<td>COMPRIMENTO (CM)<\/td>\n<td>138,8<\/td>\n<\/tr>\n<tr>\n<td>LARGURA (CM)<\/td>\n<td>111,7<\/td>\n<\/tr>\n<tr>\n<td>ALTURA (CM)<\/td>\n<td>146,1<\/td>\n<\/tr>\n<tr>\n<td>\u00c1REA OCUPADA (M\u00b2)<\/td>\n<td>1,55<\/td>\n<\/tr>\n<tr>\n<td>PESO DO EQUIPAMENTO (KG)<\/td>\n<td>228,3<\/td>\n<\/tr>\n<tr>\n<td>BATERIA DE PESO (KG)<\/td>\n<td>100<\/td>\n<\/tr>\n<tr>\n<td>CARGA M\u00c1XIMA (KG)<\/td>\n<td>103,5<\/td>\n<\/tr>\n<tr>\n<td>PLACA DE PESO (KG)<\/td>\n<td>5\/\/10<\/td>\n<\/tr>\n<tr>\n<td>INCREMENTO DE CARGA (KG)<\/td>\n<td>\u2013<\/td>\n<\/tr>\n<tr>\n<td>CONTADOR DE REPETI\u00c7\u00d5ES<\/td>\n<td>Apenas na vers\u00e3o Idea+<\/td>\n<\/tr>\n<tr>\n<td>ESTRUTURA<\/td>\n<td>A\u00e7o<\/td>\n<\/tr>\n<tr>\n<td>ESPESSURA CHASSI (MM)<\/td>\n<td>3,00 \u2013 6,35<\/td>\n<\/tr>\n<tr>\n<td>ESPESSURA TORRE (MM)<\/td>\n<td>3,00 \u2013 6,35<\/td>\n<\/tr>\n<tr>\n<td>PINTURA<\/td>\n<td>Tratamento de superf\u00edcie com 9 banhos. Pintura eletrost\u00e1tica a p\u00f3 com espessura m\u00e9dia, com dois est\u00e1gios de cura.<\/td>\n<\/tr>\n<tr>\n<td>SOLDA<\/td>\n<td>MIG<\/td>\n<\/tr>\n<tr>\n<td>MATERIAL DO ESTOFADO<\/td>\n<td>Espuma de poliuretano de alta densidade<\/td>\n<\/tr>\n<tr>\n<td>REVESTIMENTO DO ESTOFADO<\/td>\n<td>Couro sint\u00e9tico com espessura de 1mm, resistente \u00e0 suor<\/td>\n<\/tr>\n<tr>\n<td>TRANSMISS\u00c3O<\/td>\n<td>Cabo de a\u00e7o de 3\/16\u2033 com revestimento em nylon<\/td>\n<\/tr>\n<tr>\n<td>DI\u00c2METRO DO CABO (MM)<\/td>\n<td>4,76<\/td>\n<\/tr>\n<tr>\n<td>AMORTECEDOR NA BASE DA TORRE<\/td>\n<td>Sim<\/td>\n<\/tr>\n<tr>\n<td>TORRE CARENADA<\/td>\n<td>Sim \u2013 Carenagem traseira<\/td>\n<\/tr>\n<tr>\n<td>POLIAS CARENADAS<\/td>\n<td>Sim<\/td>\n<\/tr>\n<tr>\n<td>PINOS SELETORES DE PESO (FLAUTA)<\/td>\n<td>Magn\u00e9tico, com cabo de seguran\u00e7a e acabamento Soft Touch<\/td>\n<\/tr>\n<tr>\n<td>ADESIVO DE INSTRU\u00c7\u00d5ES (PLACARD)<\/td>\n<td>Localizados na torre, com instru\u00e7\u00f5es de utiliza\u00e7\u00e3o e m\u00fasculos recrutados<\/td>\n<\/tr>\n<tr>\n<td>SUPORTE DE GARRAFA\/OBJETOS<\/td>\n<td>Sim<\/td>\n<\/tr>\n<tr>\n<td>OP\u00c7\u00d5ES DE COR<\/td>\n<td>N\u00e3o<\/td>\n<\/tr>\n<tr>\n<td>OP\u00c7\u00d5ES DE CARENAGEM<\/td>\n<td>Carenagem Fum\u00ea \/ Carenagem Preta<\/td>\n<\/tr>\n<tr>\n<td>GARANTIA<\/td>\n<td>At\u00e9 3 anos<\/td>\n<\/tr>\n<\/tbody>\n<\/table>\n<\/div>\n<\/div>\n","protected":false},"excerpt":{"rendered":"<p>Com o conforto da almofada autoajust\u00e1vel, a esta\u00e7\u00e3o de muscula\u00e7\u00e3o Idea Extensora proporciona facilidade no movimento sem tensionar m\u00fasculos e ligamentos causadores de les\u00e3o, tonificando o vasto medial, vasto lateral e regi\u00f5es da coxa. Os apoiadores trazem comodidade ao sair e ao entrar na m\u00e1quina, oferecendo uma experi\u00eancia completa dentro de um equipamento de alta [&hellip;]<\/p>\n","protected":false},"featured_media":7689,"comment_status":"open","ping_status":"closed","template":"","meta":{"_acf_changed":false},"product_brand":[],"product_cat":[471,470,493],"product_tag":[623,628],"class_list":{"0":"post-7680","1":"product","2":"type-product","3":"status-publish","4":"has-post-thumbnail","6":"product_cat-equipamentos","7":"product_cat-musculacao","8":"product_cat-profissional","9":"product_tag-extensora","10":"product_tag-idea","12":"first","13":"onbackorder","14":"taxable","15":"shipping-taxable","16":"product-type-simple","17":"czr-hentry"},"acf":[],"_links":{"self":[{"href":"https:\/\/loja.oficinadaforma.com.br\/wp\/wp-json\/wp\/v2\/product\/7680","targetHints":{"allow":["GET"]}}],"collection":[{"href":"https:\/\/loja.oficinadaforma.com.br\/wp\/wp-json\/wp\/v2\/product"}],"about":[{"href":"https:\/\/loja.oficinadaforma.com.br\/wp\/wp-json\/wp\/v2\/types\/product"}],"replies":[{"embeddable":true,"href":"https:\/\/loja.oficinadaforma.com.br\/wp\/wp-json\/wp\/v2\/comments?post=7680"}],"wp:featuredmedia":[{"embeddable":true,"href":"https:\/\/loja.oficinadaforma.com.br\/wp\/wp-json\/wp\/v2\/media\/7689"}],"wp:attachment":[{"href":"https:\/\/loja.oficinadaforma.com.br\/wp\/wp-json\/wp\/v2\/media?parent=7680"}],"wp:term":[{"taxonomy":"product_brand","embeddable":true,"href":"https:\/\/loja.oficinadaforma.com.br\/wp\/wp-json\/wp\/v2\/product_brand?post=7680"},{"taxonomy":"product_cat","embeddable":true,"href":"https:\/\/loja.oficinadaforma.com.br\/wp\/wp-json\/wp\/v2\/product_cat?post=7680"},{"taxonomy":"product_tag","embeddable":true,"href":"https:\/\/loja.oficinadaforma.com.br\/wp\/wp-json\/wp\/v2\/product_tag?post=7680"}],"curies":[{"name":"wp","href":"https:\/\/api.w.org\/{rel}","templated":true}]}}

Estação de Musculação Idea Extensora Movement

<div class="product__left__desc">
<div class="product__left__desc__content">
<div class="product__left__desc__left">
<h2>Com o conforto da almofada autoajustável, a estação de musculação Idea Extensora proporciona facilidade no movimento sem tensionar músculos e ligamentos causadores de lesão, tonificando o vasto medial, vasto lateral e regiões da coxa. Os apoiadores trazem comodidade ao sair e ao entrar na máquina, oferecendo uma experiência completa dentro de um equipamento de alta tecnologia.</h2>
<p>A nova linha de equipamentos de musculação Idea da Movement, alia a avançada biomecânica com soluções práticas de ajustes e uso, com design compacto e intuitivo. Seu treino fica muito mais eficiente e com garantia de mais conforto e segurança. Os modelos unem convergência/divergência e deslocamentos unilaterais, simulando o movimento de maneira natural para melhores resultados.</p>
<p>Os parâmetros necessários de ajustes para iniciar o exercício estão visíveis antes de entrar no equipamento, identificados na cor laranja, facilitando para usuários com pouca experiência. Os ajustes localizados na zona preferencial do equipamento são realizados a partir da posição de exercício.</p>
<p>Possui uma torre com altura apropriada para garantir uma boa visão do ambiente e em sua parte superior conta com um grande porta-itens, além de um porta-celular e um porta-squeeze. Os estofados são de PU injetado de baixa densidade e alta resiliência, ou seja, macios e resistentes, com uma capa de courvin bi elástico, resistente ao fogo e ao desgaste.</p>
<h2>Idea+: com contador de repetições</h2>
<p>A versão dos equipamentos na linha Idea+ conta com uma carenagem frontal e um display LCD com contador de repetições, contador de tempo de execução e repouso. O display LCD possui também um modo manutenção, que com o auxílio de um ímã mostra quantos ciclos o equipamento já foi utilizado, ideal para planejar ações de manutenção.</p>
</div>
</div>
</div>
<div class="product__left__especs">
<p class="product__left__especs__title">Especificações Técnicas</p>
<div class="product__left__especs__content">
<table>
<tbody>
<tr>
<td>LINHA</td>
<td>Idea</td>
</tr>
<tr>
<td>COMPRIMENTO (CM)</td>
<td>138,8</td>
</tr>
<tr>
<td>LARGURA (CM)</td>
<td>111,7</td>
</tr>
<tr>
<td>ALTURA (CM)</td>
<td>146,1</td>
</tr>
<tr>
<td>ÁREA OCUPADA (M²)</td>
<td>1,55</td>
</tr>
<tr>
<td>PESO DO EQUIPAMENTO (KG)</td>
<td>228,3</td>
</tr>
<tr>
<td>BATERIA DE PESO (KG)</td>
<td>100</td>
</tr>
<tr>
<td>CARGA MÁXIMA (KG)</td>
<td>103,5</td>
</tr>
<tr>
<td>PLACA DE PESO (KG)</td>
<td>5//10</td>
</tr>
<tr>
<td>INCREMENTO DE CARGA (KG)</td>
<td>–</td>
</tr>
<tr>
<td>CONTADOR DE REPETIÇÕES</td>
<td>Apenas na versão Idea+</td>
</tr>
<tr>
<td>ESTRUTURA</td>
<td>Aço</td>
</tr>
<tr>
<td>ESPESSURA CHASSI (MM)</td>
<td>3,00 – 6,35</td>
</tr>
<tr>
<td>ESPESSURA TORRE (MM)</td>
<td>3,00 – 6,35</td>
</tr>
<tr>
<td>PINTURA</td>
<td>Tratamento de superfície com 9 banhos. Pintura eletrostática a pó com espessura média, com dois estágios de cura.</td>
</tr>
<tr>
<td>SOLDA</td>
<td>MIG</td>
</tr>
<tr>
<td>MATERIAL DO ESTOFADO</td>
<td>Espuma de poliuretano de alta densidade</td>
</tr>
<tr>
<td>REVESTIMENTO DO ESTOFADO</td>
<td>Couro sintético com espessura de 1mm, resistente à suor</td>
</tr>
<tr>
<td>TRANSMISSÃO</td>
<td>Cabo de aço de 3/16″ com revestimento em nylon</td>
</tr>
<tr>
<td>DIÂMETRO DO CABO (MM)</td>
<td>4,76</td>
</tr>
<tr>
<td>AMORTECEDOR NA BASE DA TORRE</td>
<td>Sim</td>
</tr>
<tr>
<td>TORRE CARENADA</td>
<td>Sim – Carenagem traseira</td>
</tr>
<tr>
<td>POLIAS CARENADAS</td>
<td>Sim</td>
</tr>
<tr>
<td>PINOS SELETORES DE PESO (FLAUTA)</td>
<td>Magnético, com cabo de segurança e acabamento Soft Touch</td>
</tr>
<tr>
<td>ADESIVO DE INSTRUÇÕES (PLACARD)</td>
<td>Localizados na torre, com instruções de utilização e músculos recrutados</td>
</tr>
<tr>
<td>SUPORTE DE GARRAFA/OBJETOS</td>
<td>Sim</td>
</tr>
<tr>
<td>OPÇÕES DE COR</td>
<td>Não</td>
</tr>
<tr>
<td>OPÇÕES DE CARENAGEM</td>
<td>Carenagem Fumê / Carenagem Preta</td>
</tr>
<tr>
<td>GARANTIA</td>
<td>Até 3 anos</td>
</tr>
</tbody>
</table>
</div>
</div>

<p>Com o conforto da almofada autoajustável, a estação de musculação Idea Extensora proporciona facilidade no movimento sem tensionar músculos e ligamentos causadores de lesão, tonificando o vasto medial, vasto lateral e regiões da coxa. Os apoiadores trazem comodidade ao sair e ao entrar na máquina, oferecendo uma experiência completa dentro de um equipamento de alta [&hellip;]</p>
